n - 163. What is the tens digit of n?
8
Let r(z) = z**3 - 13*z**2 + 13*z - 4. Let a be r(12). Suppose a*v - 168 = 4*v. Let h = v - 0. What is the tens digit of h?
4
Let l(o) = -o**3 - 6*o**2 - 5*o - 5. Let s be l(-5). What is the tens digit of ((3 - s) + 3)*4?
4
Let h(z) = z**2 + 6*z + 3. Let j be h(-6). Suppose -j*q + 6*q = 0. Suppose q = -u + 15 - 6. What is the units digit of u?
9
Let w be ((-6)/5)/(2/90). Let z = w + 221. Suppose 0*o - 5*o + z = 4*p, -5*o + 4*p + 143 = 0. What is the units digit of o?
1
Suppose -5*b + 188 = -2037. What is the units digit of b?
5
Let r(d) = d**3 + 9*d**2 + d + 5. Let w be r(-9). Let p be (192/(-40))/(w/10). What is the units digit of -10*14/p*-3?
5
Let p = 117 + 1422. What is the tens digit of p?
3
Let j(f) = -f**2 + f + 1. Let v be j(-1). What is the units digit of -3 + 2 + (-4)/v?
3
Let w(b) = 31*b - 10. Let a be w(3). Let f = 124 - a. What is the units digit of f?
1
Let p(d) = 4*d + 10. Suppose y + 10 = 2*y. Let k be (10/(-3))/(y/(-15)). What is the tens digit of p(k)?
3
Let m(q) = 5*q**2 + 2*q + 2. Let i be (-2)/5 - 3/5. Let o be m(i). Suppose o*f = -5*n + 120, 0 = f - 0*f. What is the units digit of n?
4
Let n(h) = h**3 - 7*h**2 - h + 5. Let k be n(7). Let p be k/(-4)*-1*-174. Suppose -4*i + p = -21. What is the units digit of i?
7
Let b(u) = 93*u + 159. What is the units digit of b(10)?
9
Let o(h) = h**3 - 20*h + 9. Let i be o(4). Suppose -t - t + 4 = 0. What is the tens digit of ((-294)/4)/i*t?
2
Let f = -4 - 0. Let s = -5 - f. Let y(t) = -5*t**3 - t**2. What is the units digit of y(s)?
4
Let y = -6 + -5. Let k = 83 + y. Suppose 3*z = 7*z - k. What is the tens digit of z?
1
Let c(x) = x**2 + 12*x + 8. Let w be c(-13). Suppose -w*b + 20*b = -156. What is the hundreds digit of b?
1
Let y(s) = -53*s - 64. What is the tens digit of y(-8)?
6
Let p(s) = 30*s**3 - s**2 - s + 1. Let r be p(1). Let o = 31 - r. Suppose o*k - 95 = 23. What is the tens digit of k?
5
Let a(m) be the second derivative of m**4/4 - 2*m**3/3 + 23*m**2/2 - 4*m + 10. What is the hundreds digit of a(-6)?
1
Let k(j) = -220*j + 162. What is the hundreds digit of k(-13)?
0
Let f(d) = 10 + 16 + 15 + 48*d - 42. What is the hundreds digit of f(3)?
1
Suppose 2*d = -100*c + 103*c - 1415, 4*c - 5*d = 1882. What is the units digit of c?
3
Let j = 25 - 75. Suppose -5*n + 78 = -2*a, 0*a - 2*a - 66 = n. Let d = a - j. What is the units digit of d?
6
Suppose -5136 = -5*r - i + 3022, -5*r + 3*i + 8146 = 0. What is the hundreds digit of r?
6
Let s(l) = -23*l + 24. Let i(z) = 11*z - 12. Let g(p) = 13*i(p) + 6*s(p). Let m be g(8). Suppose -242 = -5*u + m. What is the tens digit of u?
5
What is the units digit of (-106 + 6/3)*452/(-16)?
8
What is the units digit of (-271400)/(-260) - 6/(-39)?
4
Suppose 4*b - 15 = 5*t, -2*t - 8 = -5*b + 15. What is the units digit of t/(2/6) + 34 + -8?
9
Suppose -l - 4 = -18. Suppose -l*a + 10*a = -552. What is the units digit of a?
8
Suppose -u = 5*v - 28, 2*u + 60 = 7*u + 5*v. Let z be (-1 + (-265)/(-3))*3. What is the units digit of (-11)/(-44) + z/u?
3
Let a = 53 - 47. What is the units digit of (-3*6)/(2/(-8)*a)?
2
Suppose 0*s + s + 5 = 0, 50 = 3*u + 5*s. Let n = 34 - u. Let z(t) = -t**3 + 8*t**2 + 10*t + 14. What is the units digit of z(n)?
3
Let b(c) = -28*c - 9. Let z = 22 + -25. What is the tens digit of b(z)?
7
Let m(s) = 4*s**3 - s. Let g be m(1). Suppose -5*r + 385 = -4*h + 3*h, 5*r = 2*h + 390. Suppose -r = -g*l - l. What is the units digit of l?
9
Let a be 0 + 2 - 3 - -2. Suppose f + 0*f = -a, 137 = 4*w - f. What is the tens digit of w?
3
Suppose -15*j - 6*j + 504 = 0. What is the units digit of j?
4
Let t = -327 + 1801. What is the thousands digit of t?
1
What is the hundreds digit of 1000/10*(954/(-4))/(-9)?
6
Suppose -11*g = -7*g - 268. Let n = g - 27. What is the units digit of n?
0
Let f = 13 - 10. Suppose -2*v = f*v - 65. Let j = -7 + v. What is the units digit of j?
6
Let k(d) = 36*d + 4. Let j be k(-5). Let x = j - -270. What is the units digit of x?
4
Let k(x) = -2*x**3 + x**2 + 5*x**3 + 1 - 2*x - x. Let s be 38/(-95) - (-24)/10. What is the units digit of k(s)?
3
Let i(p) be the third derivative of -p**6/120 - p**5/12 + p**4/4 + 3*p**3/2 - 6*p**2. What is the units digit of i(-6)?
9
Let y(j) = 120*j - 799. What is the thousands digit of y(45)?
4
Let x(a) = 7*a - 3. Let g(r) = 14*r - 5. Let q(h) = -2*g(h) + 5*x(h). Let s be q(10). Suppose 4*i - 3*y = s, 3*i - 20 - 55 = -3*y. What is the units digit of i?
0
Let d(o) be the first derivative of 1/3*o**3 + 5/2*o**2 - 1 - 8*o. What is the tens digit of d(-8)?
1
Suppose -3*q + 4*o - 13 = 1, 4*q + 5*o = 33. Let l be (-27 + q)*(-7)/35. Suppose -5*h = r + r - 19, -3*r + 41 = -l*h. What is the units digit of r?
2
Suppose -6*j = -3*j + 60. Let q = -24 - j. What is the tens digit of 93/2 - q/8?
4
Let t(p) = -29*p + 2. Let o be t(4). Let d be 54/(-10)*(-70)/21. What is the tens digit of o/9*d/(-6)?
3
Suppose 6380 = 10*o - 0*o. What is the hundreds digit of o?
6
Let w = 1305 - 716. What is the hundreds digit of w?
5
Let q = 5 - 2. Suppose -5*r + r + 592 = -q*o, -740 = -5*r - o. Suppose 16 = -4*p + r. What is the units digit of p?
3
Let u(z) = -1. Let w(i) = 2*i**2 + 4*i - 3. Let g(t) = -6*u(t) + w(t). Let c be g(4). Let f = -33 + c. What is the units digit of f?
8
Let o = -1235 - -1547. What is the units digit of o?
2
Let o(j) = -j**3 - 22*j**2 + 24*j + 9. Let m be o(-23). Let a = 30 + m. What is the tens digit of a?
1
Suppose 3*z = -5*y + 5, -4*y + 4 = -z + 4*z. Let k be 1/y*0/(-7). Suppose 4*w = 5*d - 82, 5*d + k*d + 5*w - 100 = 0. What is the units digit of d?
8
Let a(l) = 45*l**3 - 3*l**2 + 5*l + 5. What is the thousands digit of a(3)?
1
Suppose -3*s + 3*j = -3474, -4*s + 4*j - 1133 = -5*s. What is the units digit of s?
3
Let g = -24 - -24. Suppose 5*t - 10 = 0, -2*q = -g*q - t - 184. What is the tens digit of q?
9
Suppose -5*j - 112 = -27. Let n = j + 11. Let i(h) = h**3 + 8*h**2 + 5*h - 9. What is the tens digit of i(n)?
3
Suppose -4 = x - y - 7, 6 = -x + 4*y. Let n = 0 + x. Suppose 5*g - 4*v - 10 = 0, 3*g + 5*v + 0 = n. What is the units digit of g?
2
Let y be (-5)/15 + (-703)/(-3). Let b = y - 140. What is the tens digit of b?
9
Let z = -4 - -6. Suppose 0 = -0*m - z*m + 8. Suppose -y - 5*a + 155 = m*y, -2*a - 10 = 0. What is the units digit of y?
6
Let f = 0 - -2. Let m be 1 - (2 - -10)/f. Let h(g) = -g**2 - 6*g - 2. What is the units digit of h(m)?
3
What is the hundreds digit of 65620/52 + (-5)/(-65)?
2
Suppose 4*b = -k - b, 4*b = -5*k. Suppose -r + 0 + 64 = k. What is the units digit of r?
4
Let m = -4 - -9. Suppose 0*t - 3*d - 22 = -m*t, 0 = -5*t - 5*d - 10. Suppose 0 = -4*c - 3*h + 35, -4*c + t*h = -2*h. What is the units digit of c?
5
Let k = 14 + -11. Let b be (-3 + k)*4/(-16). Suppose -3*u - o + 115 = b, 4*u + 2*o - 160 = -o. What is the units digit of u?
7
Let i(x) = x**2 + 8*x + 1. Let l be i(-8). Let j be (1 + -5)/(-4) + l. Suppose 2 = 4*b - j. What is the units digit of b?
1
Let a = -107 + 47. Let i = -13 - a. What is the tens digit of i?
4
Let o(n) = 25*n + 4. Suppose 2 = -0*u + u. What is the tens digit of o(u)?
5
Let q(x) be the third derivative of -x**5/30 - 5*x**4/24 - x**3/2 - 3*x**2. Let a be q(-3). What is the units digit of (-2*3)/(a/4)?
4
Let z = 6585 - 4393. What is the hundreds digit of z?
1
Suppose 5*k - 3 = 17. Suppose -296 = -k*h - 2*m - 2*m, 0 = -h + 5*m + 68. What is the tens digit of h?
7
Suppose 0*g + 28440 = 9*g. What is the tens digit of g?
6
Let s(b) = 6*b - 22. Let n(d) = 6*d - 22. Let h(v) = 5*n(v) - 6*s(v). What is the units digit of h(-10)?
2
Let b = -6 + 8. Suppose s = b*v, v = -4*s + 5*s + 1. What is the tens digit of (-9 + 10)/(s/(-112))?
5
Suppose 69 = 6*q - 1221. What is the hundreds digit of q*(-8)/(-10)*(-6)/(-4)?
2
Suppose -3*w + m - 60 = -4*m, 0 = 5*w + m + 128. Let o(d) = -d**2 - 25*d + 12. What is the units digit of o(w)?
2
Suppose -s - 2 = 0, 0 = -4*i - 3*s + 4*s + 1042. Suppose i = -u + 6*u. What is the tens digit of u?
5
Suppose 3*h + 925 = 1132. What is the units digit of h?
9
Let r(q) = 36*q**3 - 3*q**2 + 1. Let x = -22 - -23. What is the units digit of r(x)?
4
Suppose 19*n = 3152 + 7678. What is the units digit of n?
0
Suppose -2*o - k + 44 = -3*k, 0 = -4*o - 5*k + 79. Suppose c - o = 259. What is